e -4*x + 2*w = -22, -4*x - 5*w + 20 = x. Suppose 21 = x*n - j, j + 2 = n + 1. Suppose -257 - 333 = -n*i. What is the tens digit of i?
1
Suppose 2*u - 10628 = -3*f, 4*u + 2221 = -f + 5757. What is the thousands digit of f?
3
Suppose 63 = -16*s + 23*s. Suppose s*f - 4980 = -f. What is the units digit of f?
8
Let r be (3 - -120) + (-3 - 10/(-2)). Let h = 33 + r. What is the units digit of h?
8
Let m(i) be the third derivative of i**4/24 + i**3/6 - 16*i**2. Let t be m(1). Suppose -5*p + t*o = -162, -p - o + 63 = p. What is the tens digit of p?
3
Let h = 377 + 2267. What is the units digit of h?
4
Suppose 12 = 2*o - z, -5*o + 29 = -6*z + 4*z. Suppose 0 = -4*w + 3*j + 51, -3*w = o*j - 16 - 15. Suppose 0 = 11*i - w*i + 183. What is the tens digit of i?
8
Let l = -139 - -91. What is the units digit of (-1)/(-6) - (2056/l + -1)?
4
Suppose 0 = 2*j - 371 - 2211. Suppose -2*g + 2*r + j = -g, 4*r = -3*g + 3903. What is the hundreds digit of g?
2
What is the hundreds digit of 78 + -85 - (2 + -6097)?
0
Let z(c) = -c - 19. Let h be z(11). What is the units digit of (-906)/h - (-24)/30?
1
Let k(n) = -n**3 - 8*n**2 + n + 13. Let t be k(-8). Suppose 5*w - 25 = -m, t*w - m = 4*m + 25. Suppose -w*z + 160 = -z. What is the units digit of z?
0
Let n = 5591 + -3159. Suppose -11*c + 15*c - n = 0. What is the hundreds digit of c?
6
Suppose -69644 + 856676 = 75*d - 7*d. What is the hundreds digit of d?
5
Let j(a) = 2678*a + 9950. What is the ten thousands digit of j(9)?
3
Suppose 67*g - 36687 = 15*g + 87801. What is the units digit of g?
4
Suppose -624 = -g + 2*h, -4*h = -3*g - 2*h + 1876. Suppose 3*i - 76 = g. What is the units digit of i?
4
Suppose 0 = -26*g + 39*g - 31681. Suppose -3*f - d = -2980, -5*f + 2507 + g = -4*d. What is the tens digit of f?
9
Let t be (-21)/28*2*-2. Suppose -5*x + 823 = -t*h, -5*x + 41 + 781 = -2*h. What is the tens digit of x?
6
Let j = -168 + 286. Suppose -22 - j = -10*f. What is the tens digit of f?
1
Let s be 2/(-15) + 681/45. What is the hundreds digit of 2 + (-604)/(-6)*s/10?
1
Let u be 10/4 - (-4 + 18/4). Let c be (-1)/(u + -5 + 184/64). What is the units digit of (-1 - (-30)/c)*36?
9
Let g(c) = -1939*c + 155. What is the tens digit of g(-5)?
5
Let i(k) = 17*k - 4. Let b be i(3). Let h = b - 38. Let q(x) = x. What is the units digit of q(h)?
9
Let o be (-4)/(-6 - (-75)/12). Let h = 406 + o. What is the units digit of h?
0
Let p be (-1 - 0) + 7 + -2. Suppose 0*y + 20 = p*y, -3*q + 5*y + 1814 = 0. What is the hundreds digit of q?
6
Suppose z - 30 = 2*z. Let b be ((15/10)/(-1))/(9/z). Suppose -b*n + 163 = -377. What is the hundreds digit of n?
1
Let r(p) = 2*p + 1. Let v(m) = 349*m - 3. Let n(c) = 6*r(c) + v(c). What is the units digit of n(1)?
4
Let p = -7 - -12. Suppose 4*o = -o, -2510 = -5*t - p*o. What is the tens digit of t?
0
Suppose 0 = 5*s - 1505*q + 1504*q - 71438, 5*s + 4*q = 71473. What is the hundreds digit of s?
2
Suppose -5*k = 5*c + 215, 0*k - 3*k - 137 = -c. Suppose 2*n + 8 = 2*i - 2*n, -3 = 3*n. What is the units digit of (-423)/k - i/5?
9
Suppose 209 = 5*k + 3*b, 4*b = -0*k - 4*k + 164. Suppose 9*a = -25*a + 170. Let z = k + a. What is the units digit of z?
8
Suppose -392*r + 390*r = -97328. What is the tens digit of r?
6
Suppose 4*k - 68 = 316. Suppose -7*f - f = -k. What is the tens digit of 1*3/(f/196)?
4
Suppose -4*j = -2*d - 14, 0 = j - 4*d - 0*d + 7. Suppose -4*u = l - 912, 2*l = j*u - 2*l - 1140. Let a = 335 - u. What is the tens digit of a?
0
Let w be 150/(-54) + 1 + 11/(-9). Let z be 26 - ((-9)/w + (-6 - 0)). Suppose 5*l + 4*s + z = 90, -2*s = 5*l - 63. What is the units digit of l?
3
Let x(t) = 4908*t - 6. What is the tens digit of x(1)?
0
Let i(b) = -b**2 - 18*b + 214. Let s be i(-25). Let a = 469 + s. What is the units digit of a?
8
Let o = -13619 - -23062. Suppose -b - o = -20*b. What is the hundreds digit of b?
4
Suppose -2*l = a - 4939 - 5915, 3*a = 3*l + 32544. What is the hundreds digit of a?
8
Let i = 1054 + 1864. Suppose -i = -2*y - 298. What is the thousands digit of y?
1
Suppose -3*h = 3 - 9. Suppose 3*p + d - 1485 = -h*d, -p + 511 = 5*d. What is the units digit of p?
1
Let p(j) = 4*j - 300 + 9*j + 292. Suppose -h + 7 = u, -2*h - 2*u + 5*u + 9 = 0. What is the tens digit of p(h)?
7
Suppose 2*u - 10 = -4*v, -3*u - 5*v + 27 = 12. What is the tens digit of (u + -4)*(-4)/4*-259?
5
Let d = 23 - 21. Suppose -d*i + 0*s - 5*s = -11, 53 = -4*i + 5*s. Let f(p) = -7*p - 2. What is the units digit of f(i)?
7
Suppose -61*p + 57*p + 12 = 0. Suppose -k - i = -211, 609 = 3*k + p*i - 8*i. What is the units digit of k?
8
Let f = -248 - 534. Let d = -513 - f. Suppose 7*p = 1277 - d. What is the units digit of p?
4
Let d(h) = 4*h**2 - 12*h - 7. Let q be (-3 + 1)/1 - -7. Let p be d(q). What is the tens digit of (-12)/(-1*6/p)?
6
Suppose r - 33 = -2*v, -2*r + 39 = -8*v + 3*v. Let o(y) = -r*y - 18*y - 1 + 18*y. What is the tens digit of o(-3)?
8
Let y = 3043 + -3000. Let v(r) = -r + 79. Let q be v(0). Let h = q - y. What is the tens digit of h?
3
Let i = 18662 + 1739. What is the ten thousands digit of i?
2
Let u be 525/(-14)*2*2/(-6). Suppose -m + 0*m + u = 0. What is the tens digit of (-32 + m)/(1/(-9))?
6
Let j(o) = -o**3 + 26*o**2 + 28*o - 19. Let t be j(27). Let m be 9 + -15 - (-2 + 0/(-2)). What is the units digit of m/t*-270 - (2 - -2)?
1
Let w = 36642 + 35519. What is the ten thousands digit of w?
7
Let o(k) = 54*k**2 + 57*k - 657. What is the units digit of o(13)?
0
Suppose 0 = -3*z - 5*k + 12264 + 2030, 3*k + 15 = 0. What is the tens digit of z?
7
Let q(a) = -43481*a**3 + a**2 - 22*a - 22. What is the hundreds digit of q(-1)?
4
Let i(c) = c**2 + 15*c + 17. Let o be i(-14). Suppose 4*a + 10 = o*g, 0*a - 12 = -3*g + 3*a. Suppose 239 + 19 = g*v. What is the tens digit of v?
4
Let x be ((-1)/2)/1*-4. Suppose -7*j + x*j = 5*w - 3030, 0 = -4*w - 2*j + 2414. What is the hundreds digit of w?
6
Let t = -20743 + 22432. What is the hundreds digit of t?
6
Let x be (-3)/(1 + 2) + -8 + 11. What is the units digit of 723/x - (60/12)/10?
1
What is the tens digit of 35737/(-39)*-12 + -7?
8
Let u(y) = 98*y**2 - 407*y + 8091. What is the tens digit of u(19)?
3
Suppose 7*s = 7523 - 3401 + 3830. What is the hundreds digit of s?
1
Let q(a) = a**3 - 46*a**2 + 16*a + 103. What is the tens digit of q(50)?
0
Suppose -5*n - 1579 = -899. Let h be (-2)/6 - (-532)/(-6). Let o = h - n. What is the tens digit of o?
4
Let z(t) = -2*t**2 - 31*t + 38. Let u be z(-16). Let a(p) = 26*p - 122. What is the tens digit of a(u)?
5
Let r be (0 + 1)/(((-215)/30)/43). Let f(l) = 4*l - 9*l - 32 - 17*l. What is the hundreds digit of f(r)?
1
Let o = -231 - -227. What is the units digit of 165/10*76/(-24)*o?
9
Let b(m) = -7*m**3 - 42*m**2 + 12*m - 49. What is the ten thousands digit of b(-16)?
1
Let r(j) = 3*j**3 - j**2 + j - 1. Suppose -24*p = -18*p - 6. Let u be r(p). Suppose -u*t - x + 3 = -337, 4*t - 5*x = 652. What is the hundreds digit of t?
1
Suppose 0 = -200*m + 203*m. Suppose o - 155 = k - 54, 5*o + 5*k - 545 = m. What is the hundreds digit of o?
1
Suppose 4*h - 2*v = 3396 + 3508, 6*h + 2*v - 10386 = 0. What is the hundreds digit of h?
7
Let a be (-50)/((3/(-6))/1). Suppose -20 + 50 = 3*m. Let t = a - m. What is the tens digit of t?
9
Suppose 5*t - 32085 + 4485 = 0. Suppose -1112 = -m - f, 5*m = 10*m - 3*f - t. What is the thousands digit of m?
1
Let a be 411/(((-3)/(-6))/(-3 + 4)). Suppose -t + 24 + a = j, 5*j = -3*t + 2544. What is the units digit of t?
3
Let b be ((-6768)/216)/(3/((-63)/2)). Let y = b - 277. What is the units digit of y?
2
Suppose 93 + 51 = 8*r. What is the hundreds digit of (3500/(-150))/((-4)/r)?
1
Let a = -104 - -59. Let u = -41 - a. Suppose u*s = 11*s - 210. What is the units digit of s?
0
Let j = 510 + 666. Suppose 10*v - 2*n = 5*v + 1946, j = 3*v + 3*n. What is the units digit of v?
0
Let y = -6832 - -11344. Suppose 2*x + 780 = 4*b + 3054, -4*x - b + y = 0. What is the hundreds digit of x?
1
Suppose -2893*i = -2869*i - 279504. What is the units digit of i?
6
Suppose 0 = -3*d + 3*a + 60, 23*a - 22*a = 2*d - 41. Suppose 0 = 13*j - d*j + 6424. What is the hundreds digit of j?
8
Let h(n) = -3*n**3 + 4*n**2 + 2*n - 2. Suppose -9 - 6 = 5*g. What is the units digit of h(g)?
9
Let l = -484 + 477. What is the units digit of (4/l